{"id":5725,"date":"2025-11-14T11:18:24","date_gmt":"2025-11-14T10:18:24","guid":{"rendered":"https:\/\/www.restaurant-plagehulot.com\/brasserie\/?page_id=5725"},"modified":"2026-04-15T17:45:44","modified_gmt":"2026-04-15T16:45:44","slug":"menus-de-fetes-2","status":"publish","type":"page","link":"https:\/\/www.restaurant-plagehulot.com\/brasserie\/index.php\/menus-de-fetes-2\/","title":{"rendered":"MENUS DE F\u00caTES"},"content":{"rendered":"\n<div class=\"wp-block-group alignfull has-global-padding is-layout-constrained wp-block-group-is-layout-constrained\" style=\"margin-top:0;margin-bottom:0;padding-top:var(--wp--preset--spacing--50);padding-bottom:var(--wp--preset--spacing--50)\">\n<div class=\"wp-block-columns alignwide is-layout-flex wp-container-core-columns-is-layout-47c06fe3 wp-block-columns-is-layout-flex\">\n<div class=\"wp-block-column is-layout-flow wp-block-column-is-layout-flow\" style=\"flex-basis:56%\">\n<figure data-wp-context=\"{&quot;imageId&quot;:&quot;69e0cc167f015&quot;}\" data-wp-interactive=\"core\/image\" data-wp-key=\"69e0cc167f015\" class=\"wp-block-image size-full wp-lightbox-container\" id=\"menudujour\"><img loading=\"lazy\" decoding=\"async\" width=\"1420\" height=\"1280\" data-wp-class--hide=\"state.isContentHidden\" data-wp-class--show=\"state.isContentVisible\" data-wp-init=\"callbacks.setButtonStyles\" data-wp-on--click=\"actions.showLightbox\" data-wp-on--load=\"callbacks.setButtonStyles\" data-wp-on-window--resize=\"callbacks.setButtonStyles\" src=\"https:\/\/www.restaurant-plagehulot.com\/brasserie\/wp-content\/uploads\/2015\/12\/17-11_menus_01.jpg\" alt=\"\" class=\"wp-image-4016\" style=\"aspect-ratio:2\/3;object-fit:cover\" srcset=\"https:\/\/www.restaurant-plagehulot.com\/brasserie\/wp-content\/uploads\/2015\/12\/17-11_menus_01.jpg 1420w, https:\/\/www.restaurant-plagehulot.com\/brasserie\/wp-content\/uploads\/2015\/12\/17-11_menus_01-300x270.jpg 300w, https:\/\/www.restaurant-plagehulot.com\/brasserie\/wp-content\/uploads\/2015\/12\/17-11_menus_01-768x692.jpg 768w, https:\/\/www.restaurant-plagehulot.com\/brasserie\/wp-content\/uploads\/2015\/12\/17-11_menus_01-1024x923.jpg 1024w\" sizes=\"auto, (max-width: 1420px) 100vw, 1420px\" \/><button\n\t\t\tclass=\"lightbox-trigger\"\n\t\t\ttype=\"button\"\n\t\t\taria-haspopup=\"dialog\"\n\t\t\taria-label=\"Agrandir\"\n\t\t\tdata-wp-init=\"callbacks.initTriggerButton\"\n\t\t\tdata-wp-on--click=\"actions.showLightbox\"\n\t\t\tdata-wp-style--right=\"state.imageButtonRight\"\n\t\t\tdata-wp-style--top=\"state.imageButtonTop\"\n\t\t>\n\t\t\t<svg xmlns=\"http:\/\/www.w3.org\/2000\/svg\" width=\"12\" height=\"12\" fill=\"none\" viewBox=\"0 0 12 12\">\n\t\t\t\t<path fill=\"#fff\" d=\"M2 0a2 2 0 0 0-2 2v2h1.5V2a.5.5 0 0 1 .5-.5h2V0H2Zm2 10.5H2a.5.5 0 0 1-.5-.5V8H0v2a2 2 0 0 0 2 2h2v-1.5ZM8 12v-1.5h2a.5.5 0 0 0 .5-.5V8H12v2a2 2 0 0 1-2 2H8Zm2-12a2 2 0 0 1 2 2v2h-1.5V2a.5.5 0 0 0-.5-.5H8V0h2Z\" \/>\n\t\t\t<\/svg>\n\t\t<\/button><figcaption class=\"wp-element-caption\">Menus de f\u00eates au Restaurant La Plage de Monsieur Hulot &#8211; Saint-Marc-Sur-Mer<\/figcaption><\/figure>\n<\/div>\n\n\n\n<div class=\"wp-block-column is-vertically-aligned-center is-layout-flow wp-container-core-column-is-layout-119bc444 wp-block-column-is-layout-flow\">\n<h2 class=\"wp-block-heading has-custom-color-1-color has-text-color has-link-color wp-elements-3bc0a731b1eae371b601b29af1d50440\">MENU Du 31 DECEMBRE 2025<\/h2>\n\n\n\n<h2 class=\"wp-block-heading has-custom-color-1-color has-text-color has-link-color has-large-font-size wp-elements-db47094f3e1603b147039ebafd560f9f\"><\/h2>\n\n\n\n<blockquote class=\"wp-block-quote is-layout-flow wp-block-quote-is-layout-flow\">\n<p class=\"has-custom-color-1-color has-text-color has-link-color has-medium-font-size wp-elements-14d9773730f5cd7858cbfd884f5d1dab\"><br><strong>Prix 120 \u20ac<\/strong> Hors Boissons<\/p>\n\n\n\n<p><strong>Coupe de champagne 12\u20ac<\/strong><\/p>\n<\/blockquote>\n\n\n\n<p class=\"has-text-align-center has-medium-font-size\"><strong>MISE EN BOUCHE<\/strong><\/p>\n\n\n\n<p class=\"has-text-align-center has-medium-font-size\"><em>Mi cuit de fois gras et magret fum\u00e9 par nos soins, gel\u00e9e d&rsquo;agrumes et pain d&rsquo;\u00e9pice, croustillant aux fruits du mendiant<\/em><\/p>\n\n\n\n<p class=\"has-text-align-center has-medium-font-size\"><strong>AUTOUR DE LA SAINT -JACQUES<\/strong><\/p>\n\n\n\n<p class=\"has-text-align-center has-medium-font-size\"><em>St-Jacques en cr\u00e8me brul\u00e9e de potimarrons, andouille de Gu\u00e9m\u00e9n\u00e9, jus de viande cors\u00e9<\/em><\/p>\n\n\n\n<p class=\"has-text-align-center has-medium-font-size\"><em>St-Jacques poch\u00e9es au bouillon tha\u00ef et champignons noirs, croustillant au s\u00e9same<\/em><\/p>\n\n\n\n<p class=\"has-text-align-center has-medium-font-size\"><em>St-Jacques en tartare et mi-cuit de foie gras, pommes vertes acidul\u00e9es, vinaigrette au balsamique blanc<\/em><\/p>\n\n\n\n<p class=\"has-text-align-center\"><strong>LA LOTTE<\/strong><\/p>\n\n\n\n<p class=\"has-text-align-center has-medium-font-size\"><em>Lotte r\u00f4tie \u00e0 l\u2019os, cr\u00e8me l\u00e9g\u00e8re de langoustines parfum\u00e9e au gingembre et citron vert, pack-Choi brais\u00e9, espuma de pommes de terre et caramel de yuzu<\/em><\/p>\n\n\n\n<p class=\"has-text-align-center\"><strong>LE BOEUF<\/strong><\/p>\n\n\n\n<p class=\"has-text-align-center has-medium-font-size\"><em>Noisette de filet de b\u0153uf de Bretagne, blanquette de truffes noires, carottes et pommes bouchons confites, \u00e9mulsion des sous-bois et r\u00e9duction de vin rouge<\/em><\/p>\n\n\n\n<p class=\"has-text-align-center\"><strong>FROMAGE<\/strong><\/p>\n\n\n\n<p class=\"has-text-align-center has-medium-font-size\"><em>Plateau de fromages et sa petite salade<\/em><\/p>\n\n\n\n<p class=\"has-text-align-center has-medium-font-size\"><em>(Cont\u00e9, Sainte-Maure, camembert, saint-nectaire, livarot, bleue d\u2019auvergne, tome de brebis, ch\u00e8vre cendr\u00e9)<\/em><\/p>\n\n\n\n<p class=\"has-text-align-center\"><strong>DESSERT<\/strong><\/p>\n\n\n\n<p class=\"has-text-align-center has-medium-font-size\"><em>Royal au chocolat DULCEY VALHRONA, cl\u00e9mentines confites meringu\u00e9es, fraicheur d\u2019orange sanguine, coulis de cacao amer<\/em><\/p>\n\n\n\n<p><\/p>\n\n\n\n<p><\/p>\n\n\n\n<p class=\"has-text-align-center has-large-font-size\"><strong>MENU ENFANT 18 \u20ac<\/strong><\/p>\n\n\n\n<p class=\"has-text-align-center has-medium-font-size\"><em>Jus orange, sirop \u00e0 l\u2019eau ou diabolo sirop au choix<\/em><\/p>\n\n\n\n<p class=\"has-text-align-center has-medium-font-size\"><em>Cannelloni de saumon fum\u00e9 aux fromage frais aux herbes<\/em><\/p>\n\n\n\n<p class=\"has-text-align-center\">****<\/p>\n\n\n\n<p class=\"has-text-align-center has-medium-font-size\"><em>Mini burger \u00e0 la viande de b\u0153uf et tome de Savoie<\/em><\/p>\n\n\n\n<p class=\"has-text-align-center has-medium-font-size\"><em>Ou<\/em><\/p>\n\n\n\n<p class=\"has-text-align-center has-medium-font-size\"><em>Filet de poisson meuni\u00e8re, pommes pur\u00e9e aux citrons confit<\/em>s<\/p>\n\n\n\n<p class=\"has-text-align-center\">****<\/p>\n\n\n\n<p class=\"has-text-align-center has-medium-font-size\"><em>Buche chocolat mousse au Smarties<\/em><\/p>\n\n\n\n<p class=\"has-text-align-center has-medium-font-size\"><em>Ou<\/em><\/p>\n\n\n\n<p class=\"has-text-align-center has-medium-font-size\"><em>Glace 2 boules au choix et fraises tagada<\/em><\/p>\n\n\n\n<p class=\"has-text-align-center has-medium-font-size\"><br><\/p>\n\n\n\n<p class=\"has-text-align-center is-style-text-annotation has-small-font-size is-style-text-annotation--1\"><em>Notes si besoin : (dates, r\u00e9servations &#8230;<\/em><\/p>\n\n\n\n<div class=\"wp-block-buttons is-content-justification-center is-layout-flex wp-container-core-buttons-is-layout-a89b3969 wp-block-buttons-is-layout-flex\">\n<div class=\"wp-block-button\"><a class=\"wp-block-button__link has-base-color has-custom-color-2-background-color has-text-color has-background has-link-color has-text-align-center wp-element-button\" href=\"tel:+33240917617\"><strong>R\u00c9SERVEZ<\/strong><br>02 40 91 76 17<\/a><\/div>\n<\/div>\n<\/div>\n<\/div>\n<\/div>\n\n\n\n<hr class=\"wp-block-separator has-text-color has-custom-color-2-color has-alpha-channel-opacity has-custom-color-2-background-color has-background is-style-dots\" style=\"margin-top:var(--wp--preset--spacing--40);margin-bottom:var(--wp--preset--spacing--40)\" id=\"menu-enfants\"\/>\n\n\n\n<div class=\"wp-block-buttons is-content-justification-center is-layout-flex wp-container-core-buttons-is-layout-a89b3969 wp-block-buttons-is-layout-flex\">\n<div class=\"wp-block-button\"><a class=\"wp-block-button__link has-custom-color-2-background-color has-background has-medium-font-size has-custom-font-size wp-element-button\" href=\"#top\" style=\"padding-top:var(--wp--preset--spacing--30);padding-right:var(--wp--preset--spacing--40);padding-bottom:var(--wp--preset--spacing--30);padding-left:var(--wp--preset--spacing--40)\">\u2191<\/a><\/div>\n<\/div>\n\n\n\n<hr class=\"wp-block-separator has-text-color has-custom-color-2-color has-alpha-channel-opacity has-custom-color-2-background-color has-background is-style-default\" style=\"margin-top:var(--wp--preset--spacing--40);margin-bottom:var(--wp--preset--spacing--40)\"\/>\n\n\n\n<ul class=\"wp-block-social-links aligncenter has-icon-color has-icon-background-color is-layout-flex wp-block-social-links-is-layout-flex\"><li style=\"color:#FFFFFF;background-color:#000;\" class=\"wp-social-link wp-social-link-facebook has-base-color has-custom-color-1-background-color wp-block-social-link\"><a href=\"https:\/\/www.facebook.com\/Restaurantplagehulot\" class=\"wp-block-social-link-anchor\"><svg width=\"24\" height=\"24\" viewBox=\"0 0 24 24\" version=\"1.1\" xmlns=\"http:\/\/www.w3.org\/2000\/svg\" aria-hidden=\"true\" focusable=\"false\"><path d=\"M12 2C6.5 2 2 6.5 2 12c0 5 3.7 9.1 8.4 9.9v-7H7.9V12h2.5V9.8c0-2.5 1.5-3.9 3.8-3.9 1.1 0 2.2.2 2.2.2v2.5h-1.3c-1.2 0-1.6.8-1.6 1.6V12h2.8l-.4 2.9h-2.3v7C18.3 21.1 22 17 22 12c0-5.5-4.5-10-10-10z\"><\/path><\/svg><span class=\"wp-block-social-link-label screen-reader-text\">Facebook<\/span><\/a><\/li>\n\n<li style=\"color:#FFFFFF;background-color:#000;\" class=\"wp-social-link wp-social-link-instagram has-base-color has-custom-color-1-background-color wp-block-social-link\"><a href=\"https:\/\/www.instagram.com\/laplagedemhulot\/\" class=\"wp-block-social-link-anchor\"><svg width=\"24\" height=\"24\" viewBox=\"0 0 24 24\" version=\"1.1\" xmlns=\"http:\/\/www.w3.org\/2000\/svg\" aria-hidden=\"true\" focusable=\"false\"><path d=\"M12,4.622c2.403,0,2.688,0.009,3.637,0.052c0.877,0.04,1.354,0.187,1.671,0.31c0.42,0.163,0.72,0.358,1.035,0.673 c0.315,0.315,0.51,0.615,0.673,1.035c0.123,0.317,0.27,0.794,0.31,1.671c0.043,0.949,0.052,1.234,0.052,3.637 s-0.009,2.688-0.052,3.637c-0.04,0.877-0.187,1.354-0.31,1.671c-0.163,0.42-0.358,0.72-0.673,1.035 c-0.315,0.315-0.615,0.51-1.035,0.673c-0.317,0.123-0.794,0.27-1.671,0.31c-0.949,0.043-1.233,0.052-3.637,0.052 s-2.688-0.009-3.637-0.052c-0.877-0.04-1.354-0.187-1.671-0.31c-0.42-0.163-0.72-0.358-1.035-0.673 c-0.315-0.315-0.51-0.615-0.673-1.035c-0.123-0.317-0.27-0.794-0.31-1.671C4.631,14.688,4.622,14.403,4.622,12 s0.009-2.688,0.052-3.637c0.04-0.877,0.187-1.354,0.31-1.671c0.163-0.42,0.358-0.72,0.673-1.035 c0.315-0.315,0.615-0.51,1.035-0.673c0.317-0.123,0.794-0.27,1.671-0.31C9.312,4.631,9.597,4.622,12,4.622 M12,3 C9.556,3,9.249,3.01,8.289,3.054C7.331,3.098,6.677,3.25,6.105,3.472C5.513,3.702,5.011,4.01,4.511,4.511 c-0.5,0.5-0.808,1.002-1.038,1.594C3.25,6.677,3.098,7.331,3.054,8.289C3.01,9.249,3,9.556,3,12c0,2.444,0.01,2.751,0.054,3.711 c0.044,0.958,0.196,1.612,0.418,2.185c0.23,0.592,0.538,1.094,1.038,1.594c0.5,0.5,1.002,0.808,1.594,1.038 c0.572,0.222,1.227,0.375,2.185,0.418C9.249,20.99,9.556,21,12,21s2.751-0.01,3.711-0.054c0.958-0.044,1.612-0.196,2.185-0.418 c0.592-0.23,1.094-0.538,1.594-1.038c0.5-0.5,0.808-1.002,1.038-1.594c0.222-0.572,0.375-1.227,0.418-2.185 C20.99,14.751,21,14.444,21,12s-0.01-2.751-0.054-3.711c-0.044-0.958-0.196-1.612-0.418-2.185c-0.23-0.592-0.538-1.094-1.038-1.594 c-0.5-0.5-1.002-0.808-1.594-1.038c-0.572-0.222-1.227-0.375-2.185-0.418C14.751,3.01,14.444,3,12,3L12,3z M12,7.378 c-2.552,0-4.622,2.069-4.622,4.622S9.448,16.622,12,16.622s4.622-2.069,4.622-4.622S14.552,7.378,12,7.378z M12,15 c-1.657,0-3-1.343-3-3s1.343-3,3-3s3,1.343,3,3S13.657,15,12,15z M16.804,6.116c-0.596,0-1.08,0.484-1.08,1.08 s0.484,1.08,1.08,1.08c0.596,0,1.08-0.484,1.08-1.08S17.401,6.116,16.804,6.116z\"><\/path><\/svg><span class=\"wp-block-social-link-label screen-reader-text\">Instagram<\/span><\/a><\/li><\/ul>\n","protected":false},"excerpt":{"rendered":"<p>MENU Du 31 DECEMBRE 2025 Prix 120 \u20ac Hors Boissons Coupe de champagne 12\u20ac MISE EN BOUCHE Mi cuit de fois gras et magret fum\u00e9 par nos soins, gel\u00e9e d&rsquo;agrumes et pain d&rsquo;\u00e9pice, croustillant aux fruits du mendiant AUTOUR DE LA SAINT -JACQUES St-Jacques en cr\u00e8me brul\u00e9e de potimarrons, andouille de Gu\u00e9m\u00e9n\u00e9, jus de viande [&hellip;]<\/p>\n","protected":false},"author":4,"featured_media":0,"parent":0,"menu_order":0,"comment_status":"closed","ping_status":"closed","template":"","meta":{"footnotes":""},"class_list":["post-5725","page","type-page","status-publish","hentry"],"yoast_head":"<!-- This site is optimized with the Yoast SEO plugin v27.4 - https:\/\/yoast.com\/product\/yoast-seo-wordpress\/ -->\n<title>MENUS DE F\u00caTES - RESTAURANT &amp; BAR DE PLAGE<\/title>\n<meta name=\"description\" content=\"Menus de f\u00eates au restaurant La Plage de Monsieur Hulot, Saint-Marc-Sur-Mer \u00e0 Saint-Nazaire, P\u00e2ques, F\u00eate des m\u00e8res, No\u00ebl, R\u00e9veillon ...\" \/>\n<meta name=\"robots\" content=\"index, follow, max-snippet:-1, max-image-preview:large, max-video-preview:-1\" \/>\n<link rel=\"canonical\" href=\"https:\/\/www.restaurant-plagehulot.com\/brasserie\/index.php\/menus-de-fetes-2\/\" \/>\n<meta property=\"og:locale\" content=\"fr_FR\" \/>\n<meta property=\"og:type\" content=\"article\" \/>\n<meta property=\"og:title\" content=\"MENUS DE F\u00caTES - RESTAURANT &amp; BAR DE PLAGE\" \/>\n<meta property=\"og:description\" content=\"Menus de f\u00eates au restaurant La Plage de Monsieur Hulot, Saint-Marc-Sur-Mer \u00e0 Saint-Nazaire, P\u00e2ques, F\u00eate des m\u00e8res, No\u00ebl, R\u00e9veillon ...\" \/>\n<meta property=\"og:url\" content=\"https:\/\/www.restaurant-plagehulot.com\/brasserie\/index.php\/menus-de-fetes-2\/\" \/>\n<meta property=\"og:site_name\" content=\"RESTAURANT &amp; BAR DE PLAGE\" \/>\n<meta property=\"article:publisher\" content=\"https:\/\/www.facebook.com\/La-Plage-de-Monsieur-HULOT-1657765484498165\/?ref=hl\" \/>\n<meta property=\"article:modified_time\" content=\"2026-04-15T16:45:44+00:00\" \/>\n<meta property=\"og:image\" content=\"https:\/\/www.restaurant-plagehulot.com\/brasserie\/wp-content\/uploads\/2015\/12\/17-11_menus_01.jpg\" \/>\n\t<meta property=\"og:image:width\" content=\"1420\" \/>\n\t<meta property=\"og:image:height\" content=\"1280\" \/>\n\t<meta property=\"og:image:type\" content=\"image\/jpeg\" \/>\n<meta name=\"twitter:card\" content=\"summary_large_image\" \/>\n<meta name=\"twitter:label1\" content=\"Dur\u00e9e de lecture estim\u00e9e\" \/>\n\t<meta name=\"twitter:data1\" content=\"2 minutes\" \/>\n<script type=\"application\/ld+json\" class=\"yoast-schema-graph\">{\"@context\":\"https:\\\/\\\/schema.org\",\"@graph\":[{\"@type\":\"WebPage\",\"@id\":\"https:\\\/\\\/www.restaurant-plagehulot.com\\\/brasserie\\\/index.php\\\/menus-de-fetes-2\\\/\",\"url\":\"https:\\\/\\\/www.restaurant-plagehulot.com\\\/brasserie\\\/index.php\\\/menus-de-fetes-2\\\/\",\"name\":\"MENUS DE F\u00caTES - RESTAURANT &amp; BAR DE PLAGE\",\"isPartOf\":{\"@id\":\"https:\\\/\\\/www.restaurant-plagehulot.com\\\/brasserie\\\/#website\"},\"primaryImageOfPage\":{\"@id\":\"https:\\\/\\\/www.restaurant-plagehulot.com\\\/brasserie\\\/index.php\\\/menus-de-fetes-2\\\/#primaryimage\"},\"image\":{\"@id\":\"https:\\\/\\\/www.restaurant-plagehulot.com\\\/brasserie\\\/index.php\\\/menus-de-fetes-2\\\/#primaryimage\"},\"thumbnailUrl\":\"https:\\\/\\\/www.restaurant-plagehulot.com\\\/brasserie\\\/wp-content\\\/uploads\\\/2015\\\/12\\\/17-11_menus_01.jpg\",\"datePublished\":\"2025-11-14T10:18:24+00:00\",\"dateModified\":\"2026-04-15T16:45:44+00:00\",\"description\":\"Menus de f\u00eates au restaurant La Plage de Monsieur Hulot, Saint-Marc-Sur-Mer \u00e0 Saint-Nazaire, P\u00e2ques, F\u00eate des m\u00e8res, No\u00ebl, R\u00e9veillon ...\",\"breadcrumb\":{\"@id\":\"https:\\\/\\\/www.restaurant-plagehulot.com\\\/brasserie\\\/index.php\\\/menus-de-fetes-2\\\/#breadcrumb\"},\"inLanguage\":\"fr-FR\",\"potentialAction\":[{\"@type\":\"ReadAction\",\"target\":[\"https:\\\/\\\/www.restaurant-plagehulot.com\\\/brasserie\\\/index.php\\\/menus-de-fetes-2\\\/\"]}]},{\"@type\":\"ImageObject\",\"inLanguage\":\"fr-FR\",\"@id\":\"https:\\\/\\\/www.restaurant-plagehulot.com\\\/brasserie\\\/index.php\\\/menus-de-fetes-2\\\/#primaryimage\",\"url\":\"https:\\\/\\\/www.restaurant-plagehulot.com\\\/brasserie\\\/wp-content\\\/uploads\\\/2015\\\/12\\\/17-11_menus_01.jpg\",\"contentUrl\":\"https:\\\/\\\/www.restaurant-plagehulot.com\\\/brasserie\\\/wp-content\\\/uploads\\\/2015\\\/12\\\/17-11_menus_01.jpg\",\"width\":1420,\"height\":1280,\"caption\":\"Restaurant La Plage de Monsieur Hulot\"},{\"@type\":\"BreadcrumbList\",\"@id\":\"https:\\\/\\\/www.restaurant-plagehulot.com\\\/brasserie\\\/index.php\\\/menus-de-fetes-2\\\/#breadcrumb\",\"itemListElement\":[{\"@type\":\"ListItem\",\"position\":1,\"name\":\"Home\",\"item\":\"https:\\\/\\\/www.restaurant-plagehulot.com\\\/brasserie\\\/\"},{\"@type\":\"ListItem\",\"position\":2,\"name\":\"MENUS DE F\u00caTES\"}]},{\"@type\":\"WebSite\",\"@id\":\"https:\\\/\\\/www.restaurant-plagehulot.com\\\/brasserie\\\/#website\",\"url\":\"https:\\\/\\\/www.restaurant-plagehulot.com\\\/brasserie\\\/\",\"name\":\"Restaurant Brasserie Bar de plage La Plage de M. HULOT Saint Nazaire\",\"description\":\"Restaurant | Brasserie | Bar de Plage LA PLAGE DE MONSIEUR HULOT - St-Marc\\\/Mer - St. Nazaire\",\"publisher\":{\"@id\":\"https:\\\/\\\/www.restaurant-plagehulot.com\\\/brasserie\\\/#organization\"},\"alternateName\":\"Restaurant-plagehulot\",\"potentialAction\":[{\"@type\":\"SearchAction\",\"target\":{\"@type\":\"EntryPoint\",\"urlTemplate\":\"https:\\\/\\\/www.restaurant-plagehulot.com\\\/brasserie\\\/?s={search_term_string}\"},\"query-input\":{\"@type\":\"PropertyValueSpecification\",\"valueRequired\":true,\"valueName\":\"search_term_string\"}}],\"inLanguage\":\"fr-FR\"},{\"@type\":\"Organization\",\"@id\":\"https:\\\/\\\/www.restaurant-plagehulot.com\\\/brasserie\\\/#organization\",\"name\":\"SARL GOUIN\",\"alternateName\":\"Restaurant LA PLAGE DE MONSIEUR HULOT\",\"url\":\"https:\\\/\\\/www.restaurant-plagehulot.com\\\/brasserie\\\/\",\"logo\":{\"@type\":\"ImageObject\",\"inLanguage\":\"fr-FR\",\"@id\":\"https:\\\/\\\/www.restaurant-plagehulot.com\\\/brasserie\\\/#\\\/schema\\\/logo\\\/image\\\/\",\"url\":\"https:\\\/\\\/www.restaurant-plagehulot.com\\\/brasserie\\\/wp-content\\\/uploads\\\/2025\\\/03\\\/25_Logo_Hulot_02.png\",\"contentUrl\":\"https:\\\/\\\/www.restaurant-plagehulot.com\\\/brasserie\\\/wp-content\\\/uploads\\\/2025\\\/03\\\/25_Logo_Hulot_02.png\",\"width\":600,\"height\":600,\"caption\":\"SARL GOUIN\"},\"image\":{\"@id\":\"https:\\\/\\\/www.restaurant-plagehulot.com\\\/brasserie\\\/#\\\/schema\\\/logo\\\/image\\\/\"},\"sameAs\":[\"https:\\\/\\\/www.facebook.com\\\/La-Plage-de-Monsieur-HULOT-1657765484498165\\\/?ref=hl\",\"https:\\\/\\\/www.instagram.com\\\/laplagedemhulot\\\/\"]}]}<\/script>\n<!-- \/ Yoast SEO plugin. -->","yoast_head_json":{"title":"MENUS DE F\u00caTES - RESTAURANT &amp; BAR DE PLAGE","description":"Menus de f\u00eates au restaurant La Plage de Monsieur Hulot, Saint-Marc-Sur-Mer \u00e0 Saint-Nazaire, P\u00e2ques, F\u00eate des m\u00e8res, No\u00ebl, R\u00e9veillon ...","robots":{"index":"index","follow":"follow","max-snippet":"max-snippet:-1","max-image-preview":"max-image-preview:large","max-video-preview":"max-video-preview:-1"},"canonical":"https:\/\/www.restaurant-plagehulot.com\/brasserie\/index.php\/menus-de-fetes-2\/","og_locale":"fr_FR","og_type":"article","og_title":"MENUS DE F\u00caTES - RESTAURANT &amp; BAR DE PLAGE","og_description":"Menus de f\u00eates au restaurant La Plage de Monsieur Hulot, Saint-Marc-Sur-Mer \u00e0 Saint-Nazaire, P\u00e2ques, F\u00eate des m\u00e8res, No\u00ebl, R\u00e9veillon ...","og_url":"https:\/\/www.restaurant-plagehulot.com\/brasserie\/index.php\/menus-de-fetes-2\/","og_site_name":"RESTAURANT &amp; BAR DE PLAGE","article_publisher":"https:\/\/www.facebook.com\/La-Plage-de-Monsieur-HULOT-1657765484498165\/?ref=hl","article_modified_time":"2026-04-15T16:45:44+00:00","og_image":[{"width":1420,"height":1280,"url":"https:\/\/www.restaurant-plagehulot.com\/brasserie\/wp-content\/uploads\/2015\/12\/17-11_menus_01.jpg","type":"image\/jpeg"}],"twitter_card":"summary_large_image","twitter_misc":{"Dur\u00e9e de lecture estim\u00e9e":"2 minutes"},"schema":{"@context":"https:\/\/schema.org","@graph":[{"@type":"WebPage","@id":"https:\/\/www.restaurant-plagehulot.com\/brasserie\/index.php\/menus-de-fetes-2\/","url":"https:\/\/www.restaurant-plagehulot.com\/brasserie\/index.php\/menus-de-fetes-2\/","name":"MENUS DE F\u00caTES - RESTAURANT &amp; BAR DE PLAGE","isPartOf":{"@id":"https:\/\/www.restaurant-plagehulot.com\/brasserie\/#website"},"primaryImageOfPage":{"@id":"https:\/\/www.restaurant-plagehulot.com\/brasserie\/index.php\/menus-de-fetes-2\/#primaryimage"},"image":{"@id":"https:\/\/www.restaurant-plagehulot.com\/brasserie\/index.php\/menus-de-fetes-2\/#primaryimage"},"thumbnailUrl":"https:\/\/www.restaurant-plagehulot.com\/brasserie\/wp-content\/uploads\/2015\/12\/17-11_menus_01.jpg","datePublished":"2025-11-14T10:18:24+00:00","dateModified":"2026-04-15T16:45:44+00:00","description":"Menus de f\u00eates au restaurant La Plage de Monsieur Hulot, Saint-Marc-Sur-Mer \u00e0 Saint-Nazaire, P\u00e2ques, F\u00eate des m\u00e8res, No\u00ebl, R\u00e9veillon ...","breadcrumb":{"@id":"https:\/\/www.restaurant-plagehulot.com\/brasserie\/index.php\/menus-de-fetes-2\/#breadcrumb"},"inLanguage":"fr-FR","potentialAction":[{"@type":"ReadAction","target":["https:\/\/www.restaurant-plagehulot.com\/brasserie\/index.php\/menus-de-fetes-2\/"]}]},{"@type":"ImageObject","inLanguage":"fr-FR","@id":"https:\/\/www.restaurant-plagehulot.com\/brasserie\/index.php\/menus-de-fetes-2\/#primaryimage","url":"https:\/\/www.restaurant-plagehulot.com\/brasserie\/wp-content\/uploads\/2015\/12\/17-11_menus_01.jpg","contentUrl":"https:\/\/www.restaurant-plagehulot.com\/brasserie\/wp-content\/uploads\/2015\/12\/17-11_menus_01.jpg","width":1420,"height":1280,"caption":"Restaurant La Plage de Monsieur Hulot"},{"@type":"BreadcrumbList","@id":"https:\/\/www.restaurant-plagehulot.com\/brasserie\/index.php\/menus-de-fetes-2\/#breadcrumb","itemListElement":[{"@type":"ListItem","position":1,"name":"Home","item":"https:\/\/www.restaurant-plagehulot.com\/brasserie\/"},{"@type":"ListItem","position":2,"name":"MENUS DE F\u00caTES"}]},{"@type":"WebSite","@id":"https:\/\/www.restaurant-plagehulot.com\/brasserie\/#website","url":"https:\/\/www.restaurant-plagehulot.com\/brasserie\/","name":"Restaurant Brasserie Bar de plage La Plage de M. HULOT Saint Nazaire","description":"Restaurant | Brasserie | Bar de Plage LA PLAGE DE MONSIEUR HULOT - St-Marc\/Mer - St. Nazaire","publisher":{"@id":"https:\/\/www.restaurant-plagehulot.com\/brasserie\/#organization"},"alternateName":"Restaurant-plagehulot","potentialAction":[{"@type":"SearchAction","target":{"@type":"EntryPoint","urlTemplate":"https:\/\/www.restaurant-plagehulot.com\/brasserie\/?s={search_term_string}"},"query-input":{"@type":"PropertyValueSpecification","valueRequired":true,"valueName":"search_term_string"}}],"inLanguage":"fr-FR"},{"@type":"Organization","@id":"https:\/\/www.restaurant-plagehulot.com\/brasserie\/#organization","name":"SARL GOUIN","alternateName":"Restaurant LA PLAGE DE MONSIEUR HULOT","url":"https:\/\/www.restaurant-plagehulot.com\/brasserie\/","logo":{"@type":"ImageObject","inLanguage":"fr-FR","@id":"https:\/\/www.restaurant-plagehulot.com\/brasserie\/#\/schema\/logo\/image\/","url":"https:\/\/www.restaurant-plagehulot.com\/brasserie\/wp-content\/uploads\/2025\/03\/25_Logo_Hulot_02.png","contentUrl":"https:\/\/www.restaurant-plagehulot.com\/brasserie\/wp-content\/uploads\/2025\/03\/25_Logo_Hulot_02.png","width":600,"height":600,"caption":"SARL GOUIN"},"image":{"@id":"https:\/\/www.restaurant-plagehulot.com\/brasserie\/#\/schema\/logo\/image\/"},"sameAs":["https:\/\/www.facebook.com\/La-Plage-de-Monsieur-HULOT-1657765484498165\/?ref=hl","https:\/\/www.instagram.com\/laplagedemhulot\/"]}]}},"_links":{"self":[{"href":"https:\/\/www.restaurant-plagehulot.com\/brasserie\/index.php\/wp-json\/wp\/v2\/pages\/5725","targetHints":{"allow":["GET"]}}],"collection":[{"href":"https:\/\/www.restaurant-plagehulot.com\/brasserie\/index.php\/wp-json\/wp\/v2\/pages"}],"about":[{"href":"https:\/\/www.restaurant-plagehulot.com\/brasserie\/index.php\/wp-json\/wp\/v2\/types\/page"}],"author":[{"embeddable":true,"href":"https:\/\/www.restaurant-plagehulot.com\/brasserie\/index.php\/wp-json\/wp\/v2\/users\/4"}],"replies":[{"embeddable":true,"href":"https:\/\/www.restaurant-plagehulot.com\/brasserie\/index.php\/wp-json\/wp\/v2\/comments?post=5725"}],"version-history":[{"count":7,"href":"https:\/\/www.restaurant-plagehulot.com\/brasserie\/index.php\/wp-json\/wp\/v2\/pages\/5725\/revisions"}],"predecessor-version":[{"id":5917,"href":"https:\/\/www.restaurant-plagehulot.com\/brasserie\/index.php\/wp-json\/wp\/v2\/pages\/5725\/revisions\/5917"}],"wp:attachment":[{"href":"https:\/\/www.restaurant-plagehulot.com\/brasserie\/index.php\/wp-json\/wp\/v2\/media?parent=5725"}],"curies":[{"name":"wp","href":"https:\/\/api.w.org\/{rel}","templated":true}]}}